41)?
-3
2 + (2 - 4) + (21 - 16)
5
Calculate -1 - (3 - (1 - -2)) - 2.
-3
Calculate -2 + (1 - (2 + 2)) + 1.
-4
Evaluate (-66 - -60) + (-1 + -1 - -8).
0
1 + (5 + -6 - (-2 - -5))
-3
10 + 10 + -15 + -5 + -1
-1
Evaluate (4 + -9 - 1) + 2.
-4
Evaluate 6 + 2 + -11 - (-4 + 1).
0
Evaluate -4 - 1 - (6 + -10 - 7).
6
(-4 + -2 - -4) + -2
-4
What is the value of 7 + -12 + (16 - 5)?
6
Calculate -9 - (1 + (0 - 10)).
0
What is 1 - 6 - (0 + 0 - 1)?
-4
What is 5 + -9 + 3 - -3?
2
What is -11 + 13 - (-4 + 11)?
-5
0 - -1 - (-3 - 0)
4
1 + 74 + -73 + 0 + -5
-3
Calculate -6 + 0 + (-20 - -29).
3
Calculate 0 - 1 - (-2 + -2).
3
What is the value of (-2 - -2) + (-1 - 4) + 4?
-1
Evaluate -15 - (11 + -32) - (0 + 3).
3
What is 0 - 2 - (1 - (11 + -6))?
2
Calculate 3 + -9 - (-6 - 1).
1
Calculate (5 - 1) + (10 + 1 - 13).
2
What is the value of -3 - (-20 + 9) - 0?
8
What is 3 - 6 - (2 - 7)?
2
Calculate 0 + 2 + 7 + -5.
4
What is 2 + 0 + -2 - 1?
-1
Evaluate 1 - ((4 - 2) + 0) - -6.
5
Calculate (1 - 4) + (6 - (11 - 5)).
-3
Calculate -5 + (-1 + 0 - -4).
-2
What is (27 - 29) + (4 - (1 + 1))?
0
What is the value of (6 - 8 - -7) + (2 - 3)?
4
(-2 - 1) + 2 + 4 + -8
-5
-1 + 5 + 1 + -5 + -2
-2
-60 + 63 + -3 + 1
1
What is -14 - (5 + -14) - -2?
-3
Calculate 0 + -1 + 2 + 2 + -1.
2
What is the value of 0 - (-6 - (-5 - -3))?
4
What is (-3 - (3 - 1)) + 4 + -5?
-6
0 + (-2 - -3 - (2 + -5))
4
What is (1 + -3 - 0) + 3 + -5?
-4
Evaluate 2 + -3 + 4 + -3.
0
(2 - (4 + (4 - 5))) + 6
5
Evaluate 4 - (7 + 1 + -5 - -6).
-5
What is (2 - (-3 - -6)) + (-6 - -10)?
3
Evaluate 1 + 1 - (-13 + 3 - -8).
4
What is -1 - ((8 - 3) + -10)?
4
Calculate 5 + -2 + -7 - (9 + -9).
-4
Calculate (-5 - 1) + (0 - -7).
1
-1 - (2 + 1 + -4)
0
What is the value of (1 - -3) + -5 + -4?
-5
What is 7 + (-4 - (-7 - -2)) + -3?
5
What is the value of 2 - ((-2 - 2) + (0 - 2))?
8
Evaluate (4 - -3) + -6 - -1.
2
What is the value of (-3 - -1) + 3 - (-1 - -3)?
-1
What is the value of (-4 - 0) + (16 - 9)?
3
What is the value of 12 + -1 + (2 - 16)?
-3
Evaluate -4 + 0 + -2 + 0 + 1.
-5
What is 4 + -12 + (1 - -4)?
-3
What is the value of 1 + 0 + (12 + -13 - 3)?
-3
What is -13 - -11 - (-2 + 1 + -3)?
2
Calculate 6 - (-7 - (0 - 22)) - -1.
-8
What is 4 + 2 + (-5 - -2)?
3
What is 2 + 0 + (-14 - -19) + -10?
-3
What is the value of (7 - (12 + -7)) + 5 + 1?
8
What is the value of (-4 - -5) + (1 - 4) + -2?
-4
(2 - 1) + (27 - 30)
-2
What is the value of 0 + 1 + -3 + 4 + -7?
-5
Calculate -2 - (2 - (1 + 1) - 4).
2
What is the value of -8 + (1 - -3) + -5 + 4?
-5
What is the value of 6 + -1 + 6 - 3 - 4?
4
Evaluate -2 + ((-3 - -8) + -5 - 3).
-5
Calculate -3 + (8 - 1) + -1.
3
2 + (-4 + (10 - 1) - 2)
5
Evaluate -2 - (-1 + (-2 - 4)).
5
Calculate 10 + 1 - (8 - (-5 - -7)).
5
Calculate (-4 - -3) + 3 + 2 + 2.
6
What is (0 - 2) + -1 + 15 + -8?
4
Evaluate -1 - ((-7 - 3) + (0 - -3)).
6
What is the value of 1 - 1 - (1 + -7) - 3?
3
What is the value of 9 + (-3 + -3 - (5 + -6))?
4
Evaluate (2 - 4) + 5 - 8.
-5
What is 7 + 0 - (20 + -34 + 17)?
4
(11 - 4) + -5 - 4
-2
What is 7 - 2 - (6 - 3 - 0)?
2
What is the value of 4 - (8 + (3 - (7 + -9)))?
-9
Evaluate 1 + 3 + -5 + 5.
4
Evaluate -3 + 11 + -14 + -2.
-8
What is the value of (-1 - -8) + 22 + -31?
-2
What is the value of (-2 - -1 - 3) + 1?
-3
What is -4 - (0 + -5 + 1)?
0
3 - -1 - (12 + (9 - 11))
-6
4 - (1 + 5 + -1)
-1
What is the value of 2 - (1 - -2 - -4) - -3?
-2
What is the value of -1 + -3 - (12 - (-8 - -23))?
-1
What is -7 + 6 - 4 - -10?
5
What is the value of -3 + 11 - 4 - 5?
-1
What is the value of -1 + 1 + (-3 - -6) - 3?
0
What is the value of (3 - -9) + -6 - 2?
4
What is the value of 1 + (0 - (6 + -1)) - -2?
-2
What is the value of 8 - (-4 - -7) - 2?
3
Calculate -4 - (-3 + (-8 - -4)).
3
What is the value of 16 - (3 + -2 + 5)?
10
What is the value of -1 + 0 + -3 + 7 - 1?
2
Calculate -2 - ((-1 - -1) + -13 + 10).
1
What is -12 - -9 - (0 + 1)?
-4
Evaluate 11 - -2 - (-11 - -6 - -12).
6
What is the value of 3 + (-3 - -11) + -10?
1
9 + 10 + -3 + -10
6
What is (-4 - -28) + -12 - 5?
7
(-6 + 9 - 4) + 7
6
9 + (7 - 7) - 13
-4
What is the value of 14 + -15 + -6 + 2?
-5
Evaluate 2 + (6 + 1 - 8).
1
What is 8 - ((6 - 10) + 11)?
1
Evaluate -13 + 11 - (-3 + 2).
-1
Calculate 0 + 4 + (-13 + 7 - -3).
1
What is the value of -10 + 4 + (7 + -2 - 3)?
-4
Calculate 8 + 0 - (6 - 0) - 1.
1
What is the value of (-15 - -2) + 12 + -7?
-8
Evaluate (5 - (-10 + 25)) + 10.
0
Evaluate -4 - ((-2 - -1 - 1) + -2).
0
What is 2 - -1 - 9 - -11?
5
Calculate -5 - -9 - (6 - -4).
-6
-5 + 6 + 1 - 2
0
What is 6 - (10 - (9 - 7))?
-2
What is -1 - (-3 + (-3 - -2))?
3
What is 2 + (-3 - (0 - 3)) + -2?
0
5 - (4 + -4 + 8)
-3
Calculate 55 + -51 - (-2 + (3 - 2)).
5
What is 5 + (-10 - -1) + 10 + -9?
-3
What is -1 + -1 - (-5 + -6 + 14)?
-5
-1 + (-8 - (-12 - -8))
-5
What is the value of (3 - (8 + 3)) + 1?
-7
What is (7 - -2) + 1 - 6?
4
What is -8 - -11 - (-5 + -5 + 17)?
-4
Evaluate -1 - 0 - 2 - -4.
1
What is the value of -3 - (7 - 0 - (3 - -2))?
-5
Calculate 0 - 1 - -2 - (303 - 295).
-7
Calculate 14 + 0 + (134 - 139).
9
(0 - 2) + (-5 - -5)
-2
What is -9 + 13 - (4 + 1)?
-1
Evaluate 5 + (1 - 7) + (-2 - -8).
5
(-4 - -1 - -3 - -1) + 4
5
What is the value of -6 + (-4 - -3) + 3?
-4
What is 2 + (5 - 13 - -3)?
-3
Evaluate 14 + (0 - 8) + -8.
-2
Calculate 5 + (4 - -1 - 13) - 0.
-3
Calculate -3 + -8 + 4 + 4 - 1.
-4
Calculate 4 - -2 - ((3 - 11) + 22).
-8
Evaluate 4 + -3 + (-4 - -4).
1
4 - 1 - -1 - 9
-5
Evaluate -13 + 16 + -12 + 3.
-6
What is the value of 10 - 6 - 7 - -6?
3
(-15 - -7) + -8 + 8
-8
What is the value of (-2 - -1) + -1 - -4?
2
What is 6 + (7 - 12 - -2) + -1?
2
What is the value of (-12 - 0) + (16 - 8) + 11?
7
What is the value of (-4 + -1 - -1) + (2 - 2)?
-4
What is the value of -3 + 3 + -2 + 4 + 2?
4
Evaluate (12 - (-4 - -4)) + -15.
-3
What is -12 - (14 - (12 + 19))?
5
0 + 8 - 4 - 11
-7
What is -1 + 4 + (5 - 4)?
4
-2 - (-2 + 6 + -8) - 5
-3
What is the value of (-2 - -3) + (1 - 0)?
2
Calculate -2 + 6 + -2 - (5 - 1).
-2
Evaluate -12 + 21 + -5 + 1.
5
-6 + (2 - (1 + -3)) - -5
3
What is the value of -9 - (-13 + 2 - -4)?
-2
Evaluate 4 - 0 - (-2 - -1).
5
What is the value of 6 - (-3 + 23) - -19?
5
Calculate 3 + 2 + 11 + -20.
-4
Evaluate 4 - (-15 + 19 + 1 + 1).
-2
What is (-7 - 0 - -7) + -9?
-9
Calculate (56 - 51) + -2 + 8 + -3.
8
Calculate 2 - 12 - (39 + -49).
0
What is -2 + 9 + (-1 - 0) + -1?
5
What is the value of -3 + 3 - (7 - 2 - 0)?
-5
Calculate -8 - (7 + 1 - 17).
1
Calculate 12 + -22 + 3 + 10.
3
What is (-4 - 1) + (60 - 54) - 1?
0
What is (10 + -4 - 3) + 1?
4
-8 + 5 + (-4 - -4)
-3
What is the value of (-5 - 2) + 13 + (5 - 5)?
6
What is (0 - 2) + (1 - -3)?
2
What is 4 + -6 + 4 - 4?
-2
Calculate (4 - (-4 + 7)) + 1 + -1.
1
What is 9 + (-5 - (1 + 1))?
2
What is -5 + (11 - 3) - 4 - -4?
3
What is -1 + 0 - (-13 + 7)?
5
Evaluate -5 + -7 + 1 + 4.
-7
What is the value of -6 + 11 + 4 + -11?
-2
(-4 - -2) + 2 + 1
1
What is -5 - (-13 - -5 - 1)?
4
Calculate 0 - (12 - 5 - 3 - 3).
-1
What is 3 - (18 + -9 + -13)?
7
-2 - -4 - (2 + 0 - -4)
-4
Calculate 5 + (0 - (3 + -2)).
4
What is the value of -2 + 4 - (7 + -10 + 2)?
3
What is the value of -7 + ((-1 - -4) + -2 - -3)?
-3
Evaluate (-9 - -8 - 7) + 2 + 3.
-3
(-6 - (-3 - -4)) + (-1 - -4)
-4
4 + (-10 - -11 - 9)
-4
What is -3 + 6 - (12 + -5 + 5)?
-9
Evaluate 3 - 6 - (1 + -8 + 1).
3
What is the value of -8 + 2 + -1 - (-3 + 1)?
-5
What is -8 + 21 + (0 - 20)?
-7
Calculate (-12 - 8) + 23 + 1 + -5.
-1
Calculate (-1 - (0 - -3)) + -2 + 3.
-3
9 + (-10 - (-4 + -2))
5
What is the value of -10 + 16 - (11 - 2)?
-3
Calculate 0 + -3 + 0 + -7 + 5.
-5
(5 + -6 - 2) + (-1 - 1)
-5
0 - (1 + -3) - (-5 - -7)
0
What is the value of 0 + (0 + 5 - 7)?
-2
Calculate (3 - 5) + (5 - 5).
-2
What is 2 - (-9 - (7 - 19))?
-1
What is the value of 3 - (1 - -1) - (-13 + 12)?
2
Evaluate -1 - (6 - 2) - (-12 - -6).
1
What is 11 + -18 + 9 - (-2 + 0)?
4
Evaluate 2 + 3 + 5 + -8.
2
Evaluate -1 + -3 - (2 - 4) - 0.
-2
Calculate -5 + (3 - -3) + -3.
-2
Evaluate 4 + 0 + -1 + 5 + -6.
2
What is the value of 21 - (16 + (6 - 10))?
9
What is 0 - (-3 - (1 - (3 + -3)))?
4
Calculate (13 - 6) + 7 - 3.
11
0 + -1 + -1 + 2 + 2
2
What is 91 + -103 + 1 + 0?
-11
What is the value of -1 + 0 - (7 + 1 - 11)?
2
What is (3 - 5) + -2 - -6?
2
Calculate -135 + 136 + (-6 - (1 + -2)).
-4
Calculate -8 + 2 + 9 + -1.
2
Evaluate -2 - 